g + 34 = 0. What are the prime factors of g?
2, 17
Suppose 3*r - 26 = -2*r - 3*d, d = -r + 6. Suppose -4*h + r = -2*h. List the prime factors of h/(-2 + (-52)/(-24)).
2, 3
Let l(r) = -r**2 + 2*r + 12. Let a be l(-5). List the prime factors of 7*(-3 - a) - -4.
2, 3
Let k(c) = -11*c**2 - 45*c - 2. Let d(w) = -13*w**2 - 46*w - 2. Let q(t) = -5*d(t) + 6*k(t). List the prime factors of q(-29).
317
Suppose 2*f = -2, -5*d + 161 = 2*f + 23. Suppose m + 10 = 3*v - d, m + 27 = 2*v. Let h = -6 + v. What are the prime factors of h?
5
Let u(h) = -3*h - 47. Let y be u(-19). Suppose 5*n + 1638 = 5*v + 253, 0 = -2*n - y. List the prime factors of v.
2, 17
Let o be 2 - (1 + 68/4). Let u be o/(-40) - (-33)/5. Suppose -2*h - u = -41. List the prime factors of h.
17
Suppose 0 = 4*s + 5*a - 53, -3*a = 5*s + a - 64. List the prime factors of 2/s + 5*(-2872)/(-240).
2, 3, 5
Let u(k) = -k**3 + 11*k**2 - 12*k + 19. Let w be u(10). List the prime factors of (w - 1)/((-651)/(-219) - 3).
73
Let q(s) = 26*s + 1. Let l be 0 - (-2 + (1 - 3)). Let z be q(l). Suppose -3*h - 5*j - 31 = -z, -3*h + 94 = -5*j. What are the prime factors of h?
2, 7
Let z be (-2 - -3)*(71 + 2). Suppose 0 = 4*d - 4*a - 340, 7*a = -d + 2*a + z. List the prime factors of d.
83
Let v(i) = 27*i**3 - 3*i + 2. Let k be v(1). Let q = 55 - k. List the prime factors of q.
29
Suppose -16 = -4*o + p - 2*p, 4*p = 3*o - 12. Suppose -o = -x + 1. Suppose 2 = -m + 4*i, 3*m = -2*m + x*i + 65. What are the prime factors of m?
2, 3
Let u be -3 + 312 + 4 - -3. Suppose n + 4*n + u = 3*g, 5*g - 512 = n. List the prime factors of g.
2, 3, 17
Let g = 79 - 34. Let o = 79 - g. Let p = o + -14. List the prime factors of p.
2, 5
Let t be -1*(-4)/(-4) - -2. Let i(x) = 6 - 1 + 6*x - t + 3. List the prime factors of i(5).
37
Let q(v) = -2*v - 55. Let j be q(-23). Let f(d) be the second derivative of -4*d**3/3 - 11*d**2/2 + 2*d. List the prime factors of f(j).
61
Let n(l) = -539*l + 2. What are the prime factors of n(-2)?
2, 3, 5
Suppose 3*d + 3*b - 234 = 0, 4*d + 3*b - 157 = 2*d. Suppose d = 7*x - 49. List the prime factors of (-16)/(-6) - x/(-54).
3
Suppose -27664 = -43*t + 17*t. List the prime factors of t.
2, 7, 19
Let g = 32 + -26. Let n(l) = l**3 - 5*l**2 + 3*l - 8. Let q be n(g). Let h = q + -11. List the prime factors of h.
5, 7
Let w(q) = 7*q**2 + 5*q - 8. Let y be w(7). Suppose -5*j = 5*x - y, 7*j + 2*x - 370 = 2*j. What are the prime factors of j?
2, 37
Suppose 9*i + 8 = -37. List the prime factors of -1 + 0 - (-65)/i*-6.
7, 11
Suppose -5*h = 5*r + 255, h - 4*h - 253 = 5*r. Let k be (12/4 - 1) + (77 - 4). Let o = k + r. What are the prime factors of o?
5
Let n = 24 + 40. Suppose -256 = -5*h + n. List the prime factors of h.
2
Let p(g) = -g + 13. Let q(i) = i**2 - 3*i - 4. Let l be q(5). Let h be p(l). Suppose 3*t - 97 = -h. What are the prime factors of t?
2, 3, 5
Suppose -3*j - 5*j = -40. Let x = -8 - -1. Let l = j - x. List the prime factors of l.
2, 3
Let i = -336 + 671. What are the prime factors of i?
5, 67
Suppose 0*y + x - 14 = -2*y, x + 6 = 2*y. Suppose 0 = -9*m + 8*m + y. Suppose 29 = m*j - 51. List the prime factors of j.
2
Let u be 14/4 + (-1)/2. Let z be (4 - u)/(2/10). Suppose 2*m = -2*s + 70, -z*s - 2*m + 3*m = -175. List the prime factors of s.
5, 7
Let g(m) = m**3 + m**2 + 2*m + 47. Suppose 5*n = 2*n. What are the prime factors of g(n)?
47
Suppose 0 = s + 2*i + 1484, s - 2*i + 1474 = i. What are the prime factors of s/(-18) + (3 - 145/45)?
2, 41
Let r be 1 + (77*1 - 0). Suppose 0 = -4*n - 2*l + 6, 0*l + 12 = -3*n + 4*l. Suppose -4*m + 2*i + 59 + 35 = n, 0 = -3*m - i + r. List the prime factors of m.
5
Let f(x) = -x - 11. Let c be f(-13). Suppose -c*y = -6*y + 88. What are the prime factors of y?
2, 11
Let w be (3 - 16/4) + 4. Suppose -414 = -9*d + w*d. List the prime factors of d.
3, 23
Suppose 5*p = 2*f, 4*f = -4*p + 7*p + 14. Suppose q = -f*r + 120, -2*q - r = -6*r - 255. List the prime factors of q.
5
Let u be (-60)/(-18)*81/15. Suppose -i + u = 5*i. Let z(l) = -l**3 + 3*l**2 + 2*l + 2. What are the prime factors of z(i)?
2
Let s = 248 + -96. Let t = 9 + s. List the prime factors of t.
7, 23
Suppose -4*w + 5 = -3. Suppose -3*n + 112 = -w*f, -4*n = -f - 199 + 58. What are the prime factors of n?
2, 17
Let h(p) = -p - 2. Let q(n) = -4*n - 11. Let r(y) = -22*h(y) + 4*q(y). Let x be r(1). Suppose 0 = -2*c - c + x. List the prime factors of c.
2
Let j be (-4)/14 + (-32)/(-14). Suppose 0 = -j*f + f + 101. Let v = 153 - f. List the prime factors of v.
2, 13
Suppose -8*w + 4*o - 489 = -9*w, 0 = 3*w - 5*o - 1467. Let s = -253 + w. List the prime factors of s.
2, 59
Let y(l) = 469*l + 73. What are the prime factors of y(4)?
1949
Let o(i) = -i**3 + 5*i**2 - 4*i + 5. What are the prime factors of o(4)?
5
Let k(o) = o**2 - 16*o + 10. Let v be k(13). Let g = -24 - v. What are the prime factors of g?
5
Suppose 0*p - 5*p = 515. Let n = p + 175. List the prime factors of n.
2, 3
Suppose -2*z = -8*z + 540. Suppose d - 233 = -2*k - z, 10 = 2*k. List the prime factors of d.
7, 19
Let l(t) = -3*t + 15 + 2*t - t**3 + 2*t. Let p(g) = g**3 - 4*g**2 - 4*g - 5. Let m be p(5). What are the prime factors of l(m)?
3, 5
Let q be 3 + -2 - 2/(-2). Let i = -30 - -30. Let b = i + q. What are the prime factors of b?
2
Suppose 19*p - 15*p - 16 = 0. Suppose p*g - f = 333, 0*g = -2*g + 4*f + 156. Suppose -3*z = -3*v - g, -4*v + 112 = 3*z + z. List the prime factors of z.
2, 7
Suppose 3*d + 4*o = 210, 4*d = -o - 0*o + 293. Suppose -d = -3*v + 22. What are the prime factors of v?
2
Let x = -95 + 19. List the prime factors of x/(-8) - 6/(-4).
11
Suppose y = -y + 12. Let u(c) = 9*c**3 + c**2 - 4*c - 4*c**3 + 1 - 4*c**3 - 5*c - 5*c**2. What are the prime factors of u(y)?
19
Let l(m) = 6*m**2 - m + 4. Let o(i) = -i + 1. Let f(r) = l(r) - 2*o(r). Let h be f(-1). Suppose 4*b = 12, -74 = 5*u - h*u - 2*b. List the prime factors of u.
2, 17
Let g(n) = 8*n**2 - n**3 - 3*n**2 - n**2 + 2*n**2 + 7*n + 2. Let j be g(7). Suppose 4*c - 5*a = 50, 0*c - j*c + 32 = a. List the prime factors of c.
3, 5
Suppose -o + 4 = -0*o, -4*b + 5*o - 8 = 0. Let z be (0 - 2 - b)*-1. Suppose -3*j + 18 = g - 12, -z*g - j = -150. What are the prime factors of g?
2, 3, 5
Let f be 0/(-2) + (-10 - -14). Let l be (-2)/1 - (-7)/1. Suppose 3*x = 4*j + l, x - f*j + j = 0. What are the prime factors of x?
3
What are the prime factors of 25/10*(-3 + -203)/(-1)?
5, 103
Let a(h) = h**3 - 8*h**2 + 10*h + 1. Let i be a(7). Suppose 5*d - 132 = 3*d + 2*b, -3*b = -d + 76. Let c = d - i. What are the prime factors of c?
3, 13
Let v(x) = -x + 11. Let a be v(7). Suppose -2*o + 367 = n, -5*n + a + 1 = 0. List the prime factors of o.
3, 61
Let z(j) = j**2 + 9*j + 8. Let t be z(-8). Suppose -y - 7 - 10 = t. What are the prime factors of (y/(-4))/((-5)/(-20))?
17
Let u(r) = r**3 - 6*r**2 + 5*r + 23. Suppose -34 = -5*b - l, -2*b - b - 2*l = -26. What are the prime factors of u(b)?
53
Let h(w) = -w - 11. Let j be h(-5). Let d(b) = -22*b + 8. Let f be d(j). What are the prime factors of (-2)/11 - f/(-44)?
3
Suppose -37*u = -40*u + 120. Let z = 47 + u. What are the prime factors of z?
3, 29
Suppose 2*f = 3*w + 1697, w - 4*w - 1677 = 3*f. Let n = 810 + w. What are the prime factors of n?
13, 19
Let t(r) = -8*r - 1 - r**3 + 10*r**2 - 17*r**2 + 16*r**2. What are the prime factors of t(7)?
41
Suppose 0 = 14*x - 2510 - 710. List the prime factors of x.
2, 5, 23
Let x(f) = -21*f - 23. Suppose 0 = 3*c + 130 - 94. List the prime factors of x(c).
229
What are the prime factors of (4 + 890/15)*45/6?
5, 19
Let y(u) = u**2 + 8*u + 2. Let d be y(-6). Let b(s) = -s**2 - 15*s - 5. List the prime factors of b(d).
3, 5
Let s = -671 - -1734. What are the prime factors of s?
1063
Let q = -10 - -11. Let t(y) = 273*y**2 + y. List the prime factors of t(q).
2, 137
Suppose 360 + 102 = 11*w. List the prime factors of 1 - w/9*9/(-2).
2, 11
Suppose 5*o = 4*v - 0*v - 125, 4*v = -5*o - 85. Let b(u) = -u - 7. List the prime factors of b(o).
2, 7
Suppose -3*j - 509 = 5*o, 5*o - 3 = 7. Let n = 321 + j. What are the prime factors of n?
2, 37
List the prime factors of 1/(-2*5/(-14230))*1.
1423
Let c(q) = q - 5. Let j be c(-1). List the prime factors of -7*j/(-9)*228/(-8).
7, 19
Let h(a) = a**3 + 8*a**2 + 5*a - 9. Let t be h(-7). S